(38 - 251) + 46).
47
Calculate 12 + 38 + ((11 - 14) + -10 - -31).
68
Calculate 1 - (-5 + -4 + 1 - -1 - (21 - -33)).
62
What is (4 - -8) + (-42 - -20 - -17) + 31?
38
Calculate (11 - (-6 + -2 + 2 + 6 + 9)) + 53.
55
(-6801 - -6696 - ((-1 - 6) + -2)) + 1 + -16
-111
Calculate 3 + -15 + 0 + 3 + 1 + 6.
-2
Evaluate -19 - 6 - ((59 - -64) + -42).
-106
What is the value of 0 + -3 + 10 - (46 - 55 - (0 - 0))?
16
What is the value of (-56 - -141) + -87 + (-40 - -1) + 0?
-41
What is the value of 6 + (3 - 47) + (-205 - -225)?
-18
What is the value of (-10 - (-4 + -12)) + -53 + -7?
-54
(-31 - (-8 - (18 + -39))) + 21 + -23
-46
What is -98 - (-29 + 27 - (-15 - -6))?
-105
What is 13 - (13 + 4 - -5) - 45?
-54
What is the value of (-1 - (-10 - -10)) + -11 - (-14 + 40)?
-38
Evaluate -4 - (-2 - -7) - (14 - (-14 - -26)).
-11
What is the value of -11 + 14 - (-2 - (1 + 9) - (2 + 7))?
24
Calculate 9 + -2 - 0 - (-1 + 3).
5
What is -1 - 71 - (-25 + 9 + 16 + 4 + -5)?
-71
What is -201 + 167 - (-46 + -2)?
14
Calculate (-48 - -25) + (36 - 40) + (-6 - -2) + 0.
-31
What is -10 + -14 + 12 + -6 + 22 + -115 + 4?
-107
Evaluate -6 - (47 - 67) - 74.
-60
Evaluate -30 - (-3 + (11 - 1) + 1 - 1).
-37
What is 48 - ((-8 - (19 + 16)) + -21)?
112
Evaluate -10 - (3 + (-12 - -21) - (48 + -1)).
25
What is 54 + 66 + 39 + -133?
26
What is the value of 1339 + -1335 + (6 - 1 - 124)?
-115
Calculate 14 + -16 + 21 + 9 + 0.
28
What is the value of 22 - 44 - (-2 - 4) - 11?
-27
Calculate 3 + (5 - ((47 - 34) + -3)).
-2
Evaluate 0 - -1 - (-131 + 67 + 41).
24
What is -9 + (17 + -10 - 0) + 10 + -60?
-52
What is (-14 - -10) + (-5 - (-19 + 15 + -11))?
6
What is the value of (-7 - -7) + 6 + -2 - (-101 - (-12 + 1))?
94
What is the value of -16 + 46 + 9 + 12 + -6 + -18?
27
What is -53 + -12 + 1 + 2 + (-1 - -17)?
-46
What is (-11 - (-16 - 8)) + -10 - 12?
-9
Calculate (-44 - -84) + -32 - (-50 - (2 - 3)).
57
What is 49 + -6 - (118 + 18 - -22)?
-115
What is -4 + -2 + (-11 - (0 + (13 - 9)))?
-21
5 + 100 + 373 + -380
98
(10 - (-2 + 4)) + (-16 - (-116 + 251)) - -9
-134
What is the value of 12 + 4 + (-13 - -8) - (-1 - -76)?
-64
(108 + -183 - -37) + 0 + 134
96
What is -2 + -22 + 20 - (0 + 3 + 2 + 42)?
-51
Calculate -2 - (-13 + 14) - (9 + -15).
3
-1 - 24 - (-13 + 76 - 69)
-19
What is the value of (-43 - 0) + (-59 - (-6 + -66))?
-30
What is -2 + (-26 + 54 + -12 - -15)?
29
Calculate -77 + 55 + (-111 - -40).
-93
What is the value of -44 + (-27 - (-36 - 91))?
56
What is the value of (-15 - -4 - 29) + (0 - (6 - 1)) - -2?
-43
Evaluate (-16 - (72 - 149)) + -130.
-69
What is the value of 18 + (-18 - (32 + (19 - 112)))?
61
Calculate (-30 - 0) + (-42 - -56) + (32 - 46).
-30
-4 - 37 - (4 + -28 + 15 - 1)
-31
-4 + 101 + (597 - 608 - (-10 - 0))
96
What is the value of -39 + 12 - -12 - -16 - 6?
-5
(20 - -2 - 13) + (-19 - (-8 + 4) - 5)
-11
What is (30 - (15 - 5)) + (-567 - -427)?
-120
Evaluate 4 + -3 + -4 + (-3 + 17 - 14) + -9.
-12
-8 + (8 - (1 + 3) - (16 + -48 + 32))
-4
Evaluate 9 - (4 + (3 - 6)) - (3 - 6 - -6).
5
What is 99 + -3 + (-7 - -11) + (-96 - -111)?
115
-63 + (22 - 25) - -26 - 1
-41
-10 + 51 + 23 + 12 + -22 - (5 + -2)
51
What is the value of -1286 + 1288 + (1 + (1 - -1) - 2 - -66)?
69
What is 15 - (-17 + 30 + 44)?
-42
What is the value of -41 - (0 + 4 - (1105 + -1085))?
-25
Calculate (237 - 384) + (3 - ((5 - 5 - 2) + -3)).
-139
What is the value of 4 + 2 - (115 - -8) - (35 + (-58 - -10))?
-104
Calculate (1 - -29) + -108 + (120 - 32).
10
What is -30 + 13 + -6 + (6 + -16 - -20)?
-13
Calculate 0 + (-16 - (-10 + (-15 - -72))) + -18.
-81
Calculate (-39 - -56 - 47) + 45.
15
Calculate -4 + -3 + (-2 - -64) - (-10 - (0 + -2)).
63
What is (1 - 1) + (-29 - (-8 - (14 + 14)))?
7
What is (13 - -2 - 15 - -4) + (-13 - -9) + 38?
38
What is -4 + (-15 - (1 - 2)) - (348 - 341) - -7?
-18
Evaluate -73 + -89 + 80 + 8.
-74
Evaluate (-121 - -17 - -100) + (-2 - -7 - 0) + 97.
98
What is 479 + -378 - (-7 - (-10 - -3) - 9)?
110
29 + -36 + 1 + 18 - 15
-3
What is (-19 + -24 - (-59 + 47)) + -14 + 1?
-44
Evaluate 87 + 12 + -103 + (-29 - -2).
-31
What is -7 + (14 - -5) + 20?
32
Evaluate 21 + -39 + 30 + -14 + 2 + -20.
-20
Evaluate 482 - 478 - (58 + -7).
-47
(-31 + 26 - -42) + -24 - (-3 + -1)
17
What is -5 + (20 - (-2 + 5)) + (-79 - (15 - 75))?
-7
(-7 + 4 - -3) + -9 - (-27 - -30)
-12
Calculate -23 + (-13 - (-52 - -26) - -12).
2
20 - 0 - (13518 - 13477)
-21
What is the value of 43 - 54 - 105 - (-11 - (4 - 6)) - -4?
-103
What is (-258 - -298) + (28 - 0) + 1 + (0 - -1)?
70
Evaluate (-30 - (-7 - -30 - 110)) + (1 - 14).
44
Evaluate -6 - 0 - (2 - -10 - (229 + -217)).
-6
(196 - 131) + -71 + 0
-6
Evaluate -48 + -1 + -81 + 112.
-18
What is the value of (100 - 103 - 24) + (1 - 0)?
-26
Calculate -8 + (-69 - (2 - 14)) + 25.
-40
What is the value of -16 - (9 + 1 - (-1141 + 1134))?
-33
Evaluate (2 + 0 + -5 - (-11 + -63)) + 77 + -86.
62
What is the value of 29 + (-3 - (9 - -3) - -3) - 10?
7
10 - (-17 - -72) - -112
67
-6 + (19 - -37) - 0 - 0
50
Calculate (7 - -38) + (-24 - (-23 - 9)).
53
What is -1305 - -1272 - (0 + -55)?
22
What is the value of (-27 - (-49 + 46)) + -13 + 2?
-35
Calculate -6 + 4 + 78 - (11 - 1 - 18).
84
What is 75 + -8 + 7 - -12 - (12 - -1)?
73
Evaluate -43 + -17 + -1 + 9 - (-29 - (-12 - 6)).
-41
What is the value of -1 + -81 - (-7 + (30 - 18) - (-4 + 19))?
-72
Evaluate -77 - ((-14 - -11) + -18 + 5).
-61
Calculate -16 - (-8 - -21) - (-15 + 21).
-35
What is (-3 - 12) + (248 - 272 - (3 - 11))?
-31
Evaluate -79 + -27 + 108 + -26 + (1 - 1).
-24
-1 + 1 - (63 - -13 - (15 - (36 - 33)))
-64
What is 46 + 6 + -82 + 30 + 22?
22
What is the value of 71 - (-47 - (-33 + -53))?
32
Calculate -5 + -42 + 10 - -71.
34
What is the value of -39 + -2 + 34 - -30 - (-1 + 58)?
-34
What is the value of 20 - (-12 + 45 + -26) - -14?
27
Calculate 10 - (63 + -64 - (5 + -11 + (-1 - -70))).
74
What is (10 - (-4 + -1) - 1) + -51 + -1?
-38
1 - 198 - (8071 - 8184)
-84
Evaluate -31 + (54 - 76) + 123.
70
Calculate 10 + (80 - 92 - (2 + 9)) - -45 - 8.
24
Evaluate (0 - 2 - 1) + -9 + (5 - -2) + 52.
47
What is 13 + (-20 - -35) + -32 + -41?
-45
What is the value of -30 + -6 + 57 + -64?
-43
What is -34 - -71 - (44 + -16)?
9
What is the value of 29 - -14 - (-2 - -3) - 1?
41
Calculate (-29 - 1) + (248 - 288 - (0 + -30)) + -11.
-51
Evaluate (-1 - 83 - (16 - 22)) + (7 - 8 - -12).
-67
What is 27 - (-7 - (1 + 34 + -17))?
52
What is 9 - (16 + -30) - (-3 + (-4 - -7))?
23
14 - (-6 - (20 - 56))
-16
Calculate -66 + -14 + (-16 - -3).
-93
What is -15 + (-9 - -11) - (13 + -42) - 19?
-3
-7 + -3 + 0 + (40 - 29) + 49
50
What is the value of (21 - (-31 + 59)) + 3 - (-6 + -1)?
3
Calculate (-7 - -7) + 185 - 98.
87
What is the value of (-7 - 1) + (-58 - 1) + 52?
-15
What is the value of -15 + 43 - 103 - -155?
80
Calculate (-81 - -213 - 119) + -40 + 2.
-25
-8 + -1 + (39 - 73) + (41 - 13)
-15
Calculate 80 + -66 + (-16 - -19) - (-1 + 11 + -1).
8
-62 + (-20 + 9 - 11 - -21)
-63
Evaluate 24 - -11 - (100 - 22).
-43
What is the value of (-104 - 23) + 0 + 0 + 4 + (-66 - -54)?
-135
-31 + 25 + -25 - (6 - (5 - -17))
-15
Evaluate 1 - 58 - ((-43 - -70) + -14 + -2 - 21).
-47
Evaluate (-138 - -44) + 41 - -35.
-18
What is the value of 12 + (51 + -113 - (-9 - 2))?
-39
Evaluate -49 + (-6 + 50 - 11).
-16
What is -1 - -26 - (-39 + 109 - 7)?
-38
What is -9 - (-48 + 5 + 13 + -7)?
28
Evaluate -50 - -41 - (8 + -4 + -52).
39
Evaluate -4 + 4 + 77 + (17 - 60 - -11).
45
Calculate 1 - (-61 - -76 - (3 - -1) - 6).
-4
What is the value of 12 + 0 + -5 + 0 + 19 + 67 + -82?
11
Calculate 10 + (-16 - 2) + 6 + (-7 - -60).
51
Evaluate (-108 + 39 - -54) + 25.
10
What is the value of 25 + 2 - (-7 - (14 - (2 + 7) - 17))?
22
What is -73 - (6 + 11 + -7 - 4 - 2 - 6)?
-71
Evaluate 147 - (-55 + 75 + 96).
31
What is 8 + -41 + 50 + (-14 - -2)?
5
What is (-68 - (40 - 42)) + 49?
-17
(-211 - (-115 - -29)) + 69
-56
Calculate -14 + (-4 - (-5 + -23)) - 5 - -7.
12
37 + -3 + -43 + 19 + 74 + (1 - -1)
86
What is the value of 4 - (3 - 3) - (-3 - ((0 - -10) + -22))?
-5
What is (-1 - 0 - -38 - 2) + -6 + (63 - 57)?
35
Calculate (-14 + 7 + 11 + -14 - (1 + 36)) + 11.
-36
What is 96 + 13 + (19 - 8) + -43?
77
Calculate -10 + (62 - 55 - ((15 + 6 - 6) + -4)).
-14
5 + 2 - (-7 + (-3 - -4)) - (-2 + 13)
2
Evaluate 11 - (-21 + (52 - 5) - -57 - (13 - -1)).
-58
What is -1 + -1 + 23 + -2 - (-125 - -